5 prime?
False
Is 528005 a composite number?
True
Is 12742459 a composite number?
False
Is 23437759 prime?
False
Is 417728917 composite?
False
Is 14485927 a composite number?
False
Is 12751339 composite?
False
Is 10505197 prime?
False
Is 641634641 prime?
True
Is 1970761 prime?
False
Is 1129798 prime?
False
Is 59173 prime?
False
Is 90812201 prime?
True
Is 58576919 prime?
True
Is 1086089 a composite number?
False
Is 8208991 composite?
True
Is 37168177 a composite number?
True
Is 9212501 a composite number?
True
Is 179410757 prime?
True
Is 52369 a composite number?
False
Is 2436734 prime?
False
Is 460531 composite?
False
Is 20861111 a composite number?
True
Is 285227053 composite?
False
Is 4221989 prime?
True
Is 52103461 a composite number?
False
Is 6575143 a prime number?
True
Is 62234257 prime?
True
Is 52073867 a composite number?
False
Is 649133 a composite number?
True
Is 124210367 prime?
False
Is 279804209 a prime number?
False
Is 11201341 prime?
True
Is 494223791 prime?
True
Is 474274 a composite number?
True
Is 9517435 a composite number?
True
Is 1250265421 composite?
False
Is 2702663 composite?
True
Is 17587873 composite?
False
Is 80410021 a composite number?
True
Is 47575543 composite?
True
Is 305272529 prime?
True
Is 535577 composite?
True
Is 211854667 prime?
False
Is 22905403 prime?
False
Is 49955021 prime?
True
Is 14094839 composite?
True
Is 52447377 prime?
False
Is 22937381 prime?
False
Is 41039177 a prime number?
False
Is 2112893 composite?
False
Is 5164997 composite?
True
Is 97832899 prime?
True
Is 4881901 composite?
False
Is 491129 a composite number?
False
Is 6186347 composite?
False
Is 106354793 prime?
True
Is 488603 a prime number?
True
Is 7883969 composite?
True
Is 15071855 prime?
False
Is 98421157 prime?
False
Is 22687853 a composite number?
False
Is 3430043 prime?
True
Is 286828567 a composite number?
False
Is 266868247 a prime number?
True
Is 489952453 prime?
True
Is 21196247 composite?
True
Is 4833265 a prime number?
False
Is 85943947 prime?
True
Is 8407723 a prime number?
True
Is 15512813 prime?
True
Is 261379 a prime number?
True
Is 10047943 a composite number?
False
Is 203118247 composite?
True
Is 129835501 a prime number?
False
Is 109737541 a prime number?
True
Is 64368757 prime?
True
Is 215069593 composite?
False
Is 11376739 prime?
False
Is 9351337 a prime number?
True
Is 3668801 a composite number?
False
Is 31042217 prime?
True
Is 6457123 a prime number?
True
Is 72877193 prime?
False
Is 27837991 composite?
False
Is 9933187 a composite number?
True
Is 125991461 composite?
False
Is 264309563 composite?
True
Is 2244553 a composite number?
False
Is 46864637 a composite number?
False
Is 887498527 composite?
False
Is 119190107 composite?
True
Is 116077106 a composite number?
True
Is 12668977 a composite number?
False
Is 3273703 composite?
False
Is 8299303 prime?
True
Is 83158021 a prime number?
True
Is 4890289 composite?
False
Is 476209 composite?
True
Is 251678653 prime?
True
Is 322367 composite?
True
Is 496721 composite?
True
Is 18687457 prime?
True
Is 25419469 a composite number?
False
Is 20253661 a composite number?
False
Is 363367 a composite number?
False
Is 646067 prime?
True
Is 11293423 prime?
False
Is 44558911 composite?
True
Is 764131 a prime number?
True
Is 10783813 prime?
True
Is 12314077 a composite number?
True
Is 625459 prime?
False
Is 6462689 a composite number?
False
Is 816649 composite?
False
Is 7082029 a composite number?
False
Is 3269531 a composite number?
False
Is 518993 composite?
True
Is 277358 a composite number?
True
Is 22887919 a composite number?
True
Is 40163933 composite?
False
Is 173408063 composite?
True
Is 235783 composite?
False
Is 570199 prime?
False
Is 38719319 composite?
True
Is 174934511 prime?
True
Is 101377 prime?
True
Is 214677989 a prime number?
False
Is 285262391 a composite number?
False
Is 284524453 prime?
False
Is 140540947 a prime number?
False
Is 2539941 a prime number?
False
Is 361042471 composite?
True
Is 186245243 a prime number?
False
Is 19079749 composite?
True
Is 126442069 composite?
True
Is 4828207 a prime number?
True
Is 7816903 prime?
False
Is 35519467 composite?
False
Is 33402439 prime?
False
Is 149893 prime?
True
Is 8236087 composite?
True
Is 21381401 a prime number?
False
Is 1824577 a prime number?
True
Is 23523763 a prime number?
True
Is 14125327 composite?
False
Is 218983619 a prime number?
True
Is 6743539 composite?
True
Is 29666911 a prime number?
False
Is 27294973 a prime number?
False
Is 271902173 composite?
True
Is 2368229 prime?
True
Is 703897 a prime number?
True
Is 15286747 a composite number?
True
Is 26277539 prime?
True
Is 4883227 composite?
True
Is 836623 composite?
False
Is 714281 prime?
False
Is 11098729 prime?
False
Is 118935001 prime?
False
Is 63124549 composite?
False
Is 1402931873 a composite number?
True
Is 39716731 a composite number?
True
Is 7669477 a prime number?
False
Is 634696637 composite?
True
Is 3107701 a prime number?
True
Is 2046101 a prime number?
True
Is 2928647 a composite number?
False
Is 124427 a composite number?
False
Is 3961259 a composite number?
False
Is 31748957 a composite number?
False
Is 14120497 composite?
False
Is 34949769 a prime number?
False
Is 1541863 a prime number?
True
Is 1904109 composite?
True
Is 46517743 a composite number?
False
Is 135799 prime?
True
Is 5326127 a prime number?
True
Is 250434131 a prime number?
True
Is 429109333 prime?
True
Is 94751063 a prime number?
False
Is 123788111 composite?
False
Is 126008611 prime?
True
Is 159843217 prime?
True
Is 1245067 a prime number?
True
Is 28478101 composite?
False
Is 56613257 a composite number?
False
Is 542935 composite?
True
Is 19603211 prime?
False
Is 4358723 a composite number?
True
Is 1908943 composite?
False
Is 1949615 a prime number?
False
Is 74945467 prime?
False
Is 168799 prime?
False
Is 2028101 prime?
True
Is 1002782711 composite?
True
Is 352301 a prime number?
True
Is 8513291 composite?
False
Is 2404613 a composite number?
False
Is 73847351 composite?
False
Is 113180129 a prime number?
False
Is 9820751 a prime number?
True
Is 1790931 a prime number?
False
Is 107999 prime?
True
Is 31532071 a composite number?
False
Is 53542103 prime?
True
Is 3053519 a composite number?
True
Is 1609301 a composite number?
False
Is 44183299 a prime number?
False
Is 6594586 a composite number?
True
Is 52269211 composite?
False
Is 7295543 prime?
True
Is 60934 a prime number?
False
Is 80527 composite?
False
Is 1620041 a composite number?
False
Is 4089466 composite?
True
Is 1515089 a prime number?
True
Is 35397149 a prime number?
False
Is 2067161 prime?
False
Is 18118777 composite?
False
Is 51048301 a prime number?
True
Is 16510339 composite?
True
Is 5481335 prime?
False
Is 1559077 composite?
True
Is 12369719 a composite number?
False
Is 23342399 a composite number?
False
Is 13190561 prime?
False
Is 17698313 composite?
False
Is 1009213 a composite number?
True
Is 407003 a composite number?
True
Is 100720409 a prime number?
True
Is 14938557 a prime number?
False
Is 8301047 composite?
True
Is 1526509 a prime number?
False
Is 2355251 a prime number?
False
Is 3282281 composite?
False
Is 39208291 prime?
True
Is 1785841 prime?
False
Is 121252987 a prime number?
False
Is 13959227 a composite number?
True
Is 10939133 composite?
True
Is 18998519 a prime number?
True
Is 721207 a prime number?
True
Is 46207339 composite?
True
Is 1111151 a prime number?
True
Is 75256393 composite?
True
Is 4551917 a composite number?
False
Is 3801331 a prime number?
True
Is 4675037 composite?
False
Is 165156947 a prime number?
False
Is 3072149 composite?
True
Is 1517239 composite?
False
Is 632813 composite?
False
Is 94541899 a composite number?
False
Is 2544901 a prime number?
False
Is 402457645 composite?
True
Is 32527189 a composite number?
False
Is 87287983 a prime number?
False
Is 3093971 prime?
True
Is 2381749 a prime number?
True
Is 355439543 a composite number?
False
Is 1593314 a prime number?
False
Is 14171617 a composite number?
True
Is 4935737 prime?
False
Is 173665673 a prime number?
True
Is 16357013 composite?
True
Is 9730839 a prime number?
False
Is 10139179 a prime number?
False
Is 118463929 a prime number?
True
Is 79525391 a prime number?
False
Is 45695777 a prime number?
False
Is 2